
2
Let d = -2 - -2. Suppose -u + 0*u = d. Suppose 5*l - 20 = -u*l. What is the units digit of l?
4
Let n = 4 - 3. Let u be (-4 - (-4 + 0))*-1. What is the tens digit of (0 - (u + -29))/n?
2
Suppose -980 = -3*c - h + 1031, 4*c + 4*h - 2668 = 0. What is the hundreds digit of c?
6
What is the units digit of 76/133 - (-76554)/21?
6
What is the units digit of (3/(-9))/(((-35)/21930)/7)?
2
Let t(h) = 4*h**3 - 2*h + 1. Let u be t(1). Suppose 0 = -l + u*o + 26, 0 = 3*o + o + 20. What is the tens digit of l?
1
Suppose o - 22 = -2*o - f, -f - 2 = 0. Let y be (0 - o)/((-16)/40). What is the units digit of (y/16)/((-2)/(-24))?
5
Let n = -106 - -9. Let d = n - -156. What is the units digit of d?
9
Let c(v) = 4*v + 2. Let p be c(2). Suppose -3*m + p = 2*m. What is the units digit of (-1)/(3 - m) + 3?
2
What is the tens digit of 3/(6/(-4)) - 9*-58?
2
Suppose -168*g + 170*g - 1324 = 0. What is the tens digit of g?
6
Suppose -14*x + 1910 + 1212 = 0. What is the hundreds digit of x?
2
Suppose 4*p - 20 = 2*p. Suppose 0 = -3*a + 2*m + 2 + 19, -4*m = 5*a - 13. Suppose a*f = -5*r + p, 5 = 5*f + 2*r - 2. What is the units digit of f?
1
Let f(p) = -p**2 - 7*p - 1. Let g be f(-5). Suppose -g*x - 10*x = -3458. What is the units digit of x?
2
Suppose -5*a - 2 = 2*x, 3*a + 10 = -2*x + 3*x. Suppose -3*d + 3*g + 292 = x*g, -5*d - g = -484. What is the units digit of d?
6
Let m(k) = 17*k - 1. Let f be m(1). Suppose f*y + 264 = 18*y. What is the tens digit of y?
3
Suppose -3*i = 14*i - 1190. What is the tens digit of i?
7
Let s(m) be the second derivative of m**4/3 - m**2/2 + 3*m. What is the tens digit of s(3)?
3
Let v(a) = -2*a + 2. Let l be v(-1). Suppose -7 = -l*g + 1. What is the units digit of g?
2
What is the hundreds digit of -4 + 6 + 1 + (2 - -231)?
2
What is the units digit of 0 - 1 - (-19 - (-4 - -14))?
8
Let x be -20 - (1 - (-2 - -1)). Let y be (-2)/(-5) - 34/10. Let v = y - x. What is the tens digit of v?
1
Suppose 4*g - 5166 = -5*t, -2*t - 3*t + g = -5146. What is the tens digit of t?
3
Let m be -1*(-8 - -4 - -2). Let z be (m - -1) + 13 + -12. Suppose -z*l = -4*p - 248, -l + p = -5*l + 243. What is the tens digit of l?
6
Suppose 2*v = -m + 3903 - 290, 5*v + 3*m = 9034. What is the hundreds digit of v?
8
Let k = 885 + -431. What is the tens digit of k?
5
Let j = 1959 - 714. What is the tens digit of j?
4
Let l be 13/(429/(-6)) - (-29440)/22. Suppose -1272 - l = -10*r. What is the hundreds digit of r?
2
Let y = -359 + 1017. What is the hundreds digit of y?
6
Let m = 58 + -39. Let p = 64 - m. What is the units digit of p?
5
Suppose 10 = -8*i + 3*i, i = 3*t - 680. Let g = -136 + t. What is the units digit of g?
0
Suppose -2*u = -3*w - 1034, w + 2*w - 1521 = -3*u. What is the units digit of u?
1
Let g(y) = y - 11. Suppose 6*s + 42 = 9*s. Let u be g(s). Suppose -u*z + 16 + 5 = 0. What is the units digit of z?
7
Let s = -63 + 29. Let p = 6 + s. Let c = -21 - p. What is the units digit of c?
7
Suppose 176*j - 1078 = 169*j. What is the hundreds digit of j?
1
Let z(n) = n**2 + 7*n - 2. Suppose 2*x + 0 = -14. Let t be z(x). What is the units digit of (-14 + 12)/(t/13)?
3
Suppose -23*v - 8*v + 13082 = 0. What is the hundreds digit of v?
4
Suppose 65*u - 43*u = 13750. What is the tens digit of u?
2
Suppose 336 = 22*c - 16*c. Suppose c = -24*h + 25*h. What is the units digit of h?
6
Let p(d) = 7*d - 271. What is the hundreds digit of p(55)?
1
Let s be 12/2 + 0 + -2. Suppose -s*b = -3*b + 1, -3*b - 15 = 3*j. Let y(l) = -l**3 - 4*l**2 - 3*l - 5. What is the units digit of y(j)?
7
Let c = 48 - 45. Let y be 148/4 - 0/2. Suppose -c*j - 5*a + 12 = -27, 5*j - y = a. What is the units digit of j?
8
Suppose -3*u = 4 + 5, 29 = -2*f - 5*u. What is the units digit of (-21)/(-2)*(f/(-3) - -7)?
8
Let c be -1*3/3 + (-9)/(-3). What is the tens digit of c + 95 + 2 + -6?
9
Let d(w) = -266*w - 34. What is the units digit of d(-8)?
4
Suppose 12 = 3*r, 0 = 2*t - 5*r - 0*r - 28. Let v be (3 - 1) + (-24)/(2 + 2). What is the tens digit of (0 + v/(-6))*t?
1
Suppose 5*o + 2*s - 11171 + 1558 = 0, -3*s = 3*o - 5766. What is the tens digit of o?
2
Let a = -46 - -170. Suppose 5*j - a = 3*j. Let p = 104 - j. What is the units digit of p?
2
Suppose 884 = 4*l + t + 3*t, -5*l - t = -1113. Suppose 0 = 5*k + 5, -3*w - w - 5*k = -l. What is the tens digit of w?
5
What is the hundreds digit of 1302 + -6 + (4 - 4)?
2
Suppose 0 = 3*g - 2*i - 42, 16 + 8 = g - 4*i. Let z(n) = n - 10. Let w be z(g). What is the tens digit of 58/w + 4/4?
3
Let t(m) = m**2 + m. Let y be t(-5). Let n = y - 13. What is the tens digit of ((-2)/(-6))/(n/336)?
1
Let j be (-9)/15 - (-648)/5. Suppose 5*r = -q - 67, 0 = -0*r + 4*r. Let m = j + q. What is the units digit of m?
2
Let o = 59 - 188. Let w = 164 + o. What is the tens digit of w?
3
Let i(r) = r**2 + 11*r + 5. Let w(x) = x**3 - 6*x**2 + 4*x - 3. Let k be w(5). Let c be i(k). What is the units digit of 1/(1/c*-1)?
9
Let o(n) = -2*n + 10. Let p be o(5). Suppose -6*l + 4*l = 4*y, p = 2*y. Suppose q + 1 = l, -5 = -4*u - 3*q + 164. What is the tens digit of u?
4
Let o(k) = -k + 55. What is the units digit of o(-15)?
0
Let m = -215 + 216. What is the units digit of m?
1
Let d be 9/(3/(12/4)). Suppose 45 = d*h - 6*h. Suppose h + 31 = u. What is the units digit of u?
6
Let d(h) = 2*h**3 + h**2 - 4*h + 3. Let f be 1 + -2 - (-3 + 0). Let n be d(f). Suppose i - 9 = n. What is the units digit of i?
4
What is the hundreds digit of 157*(-2 - -3)*2?
3
Let d(a) = -a**3 - 15*a**2 + 3. Let t be d(-15). Suppose -t*k - k + 626 = 5*l, 3*l - 2*k - 380 = 0. What is the hundreds digit of l?
1
What is the units digit of (-1 - (-12982)/14)/((-24)/(-84))?
2
What is the units digit of (-6)/(-9)*(-10 - -1186)?
4
Let f(m) = 4*m + 16. Let l be f(-16). Let d = l + 116. What is the tens digit of d?
6
Let y(k) = 83*k + 44. What is the hundreds digit of y(3)?
2
Let q(y) = 3 + 8 - 2*y - 1 + 8. Let g = 26 + -44. What is the units digit of q(g)?
4
Let x(j) = -j + 141. What is the tens digit of x(-22)?
6
Let j = -20 - -150. Suppose 5*a = 5*h + 290, -5*h + j = -0*a + 2*a. What is the tens digit of a?
6
Let o(n) = n**3 + 4*n**2 - 5*n + 1. Let u be o(-5). Let p be 7/21*(-1 + u). Suppose 52 = 4*c - p*c. What is the tens digit of c?
1
Suppose 3*v + 4*i = -44, v + 8 + 2 = i. Let c be 2*v/8 - -8. Suppose -18 + 6 = 4*u, c*q - 165 = -5*u. What is the units digit of q?
6
Let g(l) = -l**2 + 9*l + 7. Let b be g(9). Suppose 2*n = b*n - 25. Suppose -n*w + 12*w = 336. What is the tens digit of w?
4
Suppose k - 1355 = -3*f, 11*k = 5*f + 10*k - 2253. What is the tens digit of f?
5
Let a(g) = -g**2 + 3*g + 4. Let j be a(3). Suppose -3*v + 3 = 0, v + 7 = j*d - 2*d. What is the tens digit of 30/(-45)*(-90)/d?
1
Let y = 57 + -53. Let f(h) = -h + 6. Let d be f(-9). Suppose -d = y*q - 87. What is the tens digit of q?
1
Suppose -5*j + 189 = -2*t, -6*t = -4*t + 4. Suppose -3*h = -j - 182. What is the tens digit of h?
7
Let l be (0 - (-3)/(-3))*-2. Suppose p = l*o - 13, 4*o - 11 = 5*p + 24. Suppose j = -a + 37, -o*a + 5*j + 220 - 35 = 0. What is the units digit of a?
7
Let t(d) = -d**3 - 9*d**2 + 7*d + 65. Let z be t(-9). Let u(j) = 5*j**2 + 6*j - 18. What is the tens digit of u(z)?
1
Suppose 20*v - 1303 = 1417. What is the tens digit of v?
3
Let g = -1752 - -3262. What is the thousands digit of g?
1
Suppose 341518 = 106*q - 70504. What is the units digit of q?
7
Suppose -t + 2*w - 8 = -5*t, 4*t + 5*w = 8. What is the tens digit of (-3)/t - (-153)/2?
7
Let i be -3 + (34 - (-2 + 2)). Suppose 28 = z - i. What is the units digit of z?
9
Let k = 24 - -470. What is the units digit of k?
4
What is the hundreds digit of 1250 + 0 + 12 + -24?
2
What is the tens digit of 1320/(-42)*(-140)/8?
5
Suppose -740*g + 7546 = -726*g. What is the units digit of g?
9
Suppose -134*u = -140*u + 3246. What is the tens digit of u?
4
Suppose -47 = 5*m + 4*t + 15, 2*m + 8 = 4*t. Let d(v) = 9*v + v**2 + 16 + 10 - 21. What is the tens digit of d(m)?
1
Suppose -3*k = 2*k + 45. Let a be (-357)/k - (-3)/9. Suppose -4*s = s - a. What is the units digit of s?
8
Let z = 55 - 16. Let l = 21 + z. What is the units digit of l?
0
Suppose 14*a - 74732 = -54*a. What is the tens digit of a?
9
Let t = 27 - 25. Suppose 4*i + t = 10. Suppose -i*s = -3*r - 5, -4*r - 26 = -4*s - 6. What 